e millions digit of 27745613?
7
What is the billions digit of 1187767498?
1
What is the units digit of 136186088?
8
What is the hundred millions digit of 3407473683?
4
What is the millions digit of 330389158?
0
What is the ten millions digit of 418527755?
1
What is the billions digit of 2940874901?
2
What is the thousands digit of 1487001067?
1
What is the thousands digit of 702164316?
4
What is the hundred thousands digit of 137959356?
9
What is the ten millions digit of 175826499?
7
What is the thousands digit of 3812792452?
2
What is the hundred millions digit of 633014548?
6
What is the ten thousands digit of 182691886?
9
What is the ten thousands digit of 148766258?
6
What is the thousands digit of 1057131023?
1
What is the hundred thousands digit of 602452728?
4
What is the tens digit of 4177714817?
1
What is the thousands digit of 590751116?
1
What is the units digit of 199368753?
3
What is the ten millions digit of 399813258?
9
What is the millions digit of 178024371?
8
What is the thousands digit of 691164?
1
What is the thousands digit of 136494401?
4
What is the hundred thousands digit of 15041809?
0
What is the units digit of 58041822?
2
What is the hundreds digit of 514108970?
9
What is the ten millions digit of 1898081424?
9
What is the ten millions digit of 45201697?
4
What is the hundreds digit of 80511374?
3
What is the hundreds digit of 1262544137?
1
What is the tens digit of 517537532?
3
What is the ten millions digit of 6794329774?
9
What is the hundred thousands digit of 1441048349?
0
What is the hundred thousands digit of 1741811152?
8
What is the ten thousands digit of 5852322879?
2
What is the hundreds digit of 19698629?
6
What is the tens digit of 645729993?
9
What is the millions digit of 24242735?
4
What is the units digit of 1888777689?
9
What is the units digit of 262487616?
6
What is the hundreds digit of 66489632?
6
What is the thousands digit of 62803425?
3
What is the ten thousands digit of 43704338?
0
What is the ten thousands digit of 88253938?
5
What is the hundred thousands digit of 28876454?
8
What is the thousands digit of 27827090?
7
What is the hundred millions digit of 427192810?
4
What is the tens digit of 17298568?
6
What is the units digit of 260669811?
1
What is the millions digit of 524206330?
4
What is the ten millions digit of 599045420?
9
What is the hundred thousands digit of 245675138?
6
What is the hundreds digit of 208533432?
4
What is the tens digit of 581627556?
5
What is the units digit of 7701196942?
2
What is the millions digit of 112310305?
2
What is the millions digit of 33693962?
3
What is the tens digit of 145098547?
4
What is the thousands digit of 254838593?
8
What is the billions digit of 2663153688?
2
What is the hundreds digit of 740320332?
3
What is the ten thousands digit of 21268309?
6
What is the units digit of 593691626?
6
What is the ten millions digit of 1984124850?
8
What is the ten millions digit of 21119424?
2
What is the ten millions digit of 686963966?
8
What is the ten thousands digit of 27051958?
5
What is the ten millions digit of 1139663620?
3
What is the millions digit of 901208209?
1
What is the hundred millions digit of 687444522?
6
What is the thousands digit of 675081252?
1
What is the tens digit of 2894806592?
9
What is the millions digit of 456854622?
6
What is the billions digit of 1975965728?
1
What is the millions digit of 297586805?
7
What is the ten millions digit of 70104453?
7
What is the millions digit of 1133652366?
3
What is the hundreds digit of 3089186813?
8
What is the hundreds digit of 139790552?
5
What is the hundred thousands digit of 1815139126?
1
What is the tens digit of 267358720?
2
What is the millions digit of 1082258733?
2
What is the hundreds digit of 1660625582?
5
What is the hundred millions digit of 409942470?
4
What is the hundreds digit of 366248658?
6
What is the tens digit of 1758643?
4
What is the hundreds digit of 149593075?
0
What is the hundreds digit of 34818255?
2
What is the millions digit of 2523179076?
3
What is the thousands digit of 34101054?
1
What is the ten millions digit of 261751346?
6
What is the units digit of 62105184?
4
What is the millions digit of 69035938?
9
What is the ten thousands digit of 161456765?
5
What is the ten thousands digit of 703671903?
7
What is the hundreds digit of 54565185?
1
What is the millions digit of 201233220?
1
What is the tens digit of 298468365?
6
What is the tens digit of 42641298?
9
What is the hundreds digit of 152116066?
0
What is the millions digit of 79212774?
9
What is the units digit of 21972257?
7
What is the units digit of 135266338?
8
What is the ten thousands digit of 38604981?
0
What is the hundred thousands digit of 5730556?
7
What is the millions digit of 229828136?
9
What is the hundreds digit of 234229551?
5
What is the hundred millions digit of 6112188909?
1
What is the ten millions digit of 45529288?
4
What is the ten millions digit of 61657609?
6
What is the hundreds digit of 59280559?
5
What is the ten millions digit of 91677455?
9
What is the units digit of 31312586?
6
What is the tens digit of 11577678?
7
What is the tens digit of 65808255?
5
What is the hundred thousands digit of 24950952?
9
What is the hundred millions digit of 255086893?
2
What is the hundreds digit of 762060472?
4
What is the thousands digit of 110711899?
1
What is the thousands digit of 264891370?
1
What is the tens digit of 690150477?
7
What is the hundred thousands digit of 2216367078?
3
What is the millions digit of 344402988?
4
What is the ten millions digit of 3722346130?
2
What is the ten thousands digit of 203961392?
6
What is the ten millions digit of 473184195?
7
What is the ten thousands digit of 219695471?
9
What is the hundreds digit of 386617238?
2
What is the ten thousands digit of 10871985?
7
What is the thousands digit of 801297705?
7
What is the tens digit of 2074088492?
9
What is the hundreds digit of 122439467?
4
What is the ten thousands digit of 151328599?
2
What is the millions digit of 6253653?
6
What is the units digit of 59077648?
8
What is the ten thousands digit of 2491462?
9
What is the ten millions digit of 975272986?
7
What is the tens digit of 329061528?
2
What is the tens digit of 161650186?
8
What is the ten millions digit of 204926506?
0
What is the ten millions digit of 175322308?
7
What is the thousands digit of 4420725288?
5
What is the ten millions digit of 374017621?
7
What is the ten thousands digit of 80415516?
1
What is the millions digit of 52902327?
2
What is the hundreds digit of 37100255?
2
What is the hundred millions digit of 113384659?
1
What is the ten millions digit of 44362611?
4
What is the thousands digit of 3790832?
0
What is the tens digit of 3954219833?
3
What is the thousands digit of 25838465?
8
What is the tens digit of 125991197?
9
What is the hundred thousands digit of 237007568?
0
What is the hundreds digit of 500658637?
6
What is the thousands digit of 3582733488?
3
What is the ten millions digit of 38668533?
3
What is the ten millions digit of 175021473?
7
What is the tens digit of 4647268010?
1
What is the millions digit of 57113526?
7
What is the hundred thousands digit of 1275132439?
1
What is the billions digit of 4684301842?
4
What is the ten millions digit of 1173951588?
7
What is the millions digit of 1981978847?
1
What is the tens digit of 252287746?
4
What is the millions digit of 13191613?
3
What is the hundred millions digit of 624259100?
6
What is the thousands digit of 1130896635?
6
What is the units digit of 273833019?
9
What is the billions digit of 4567359978?
4
What is the units digit of 28129320?
0
What is the hundred millions digit of 3869204702?
8
What is the hundred thousands digit of 382741067?
7
What is the ten thousands digit of 103101946?
0
What is the tens digit of 67590844?
4
What is the millions digit of 3208632623?
8
What is the hundred thousands digit of 1229619386?
6
What is the units digit of 278832394?
4
What is the hundred thousands digit of 42086365?
0
What is the ten thousands digit of 55968439?
6
What is the hundreds digit of 52792789?
7
What is the ten thousands digit of 6352079511?
7
What is the ten thousands digit of 3637946216?
4
What is the tens digit of 18875505?
0
What